 - 68, 0 = -b*o - 2*k + 74. Calculate the highest common divisor of o and 14.
14
Let v = -131 + 322. Suppose -v = -5*a + 4*m, 2*a - 84 + 2 = 3*m. Suppose 5*p - 37 = n, 0 = -p - 4*n + 3 - 4. Calculate the highest common divisor of p and a.
7
Let d(x) = 22*x. Let y be d(2). Let i be 52/y - (-2)/(-11). Let p be (33/22)/(i/10). What is the highest common factor of p and 75?
15
Let y(u) = u + 4. Let t be 8 + -7 + 0 + 2. Suppose 4*a + t = 47. Let h be y(a). What is the greatest common factor of h and 10?
5
Let f be ((-30)/(-9))/((-26)/39) + 40. What is the highest common factor of f and 2555?
35
Suppose g - 6*g = -r + 404, 2*g + 163 = -r. Let m = -39 - g. Suppose -b - 12 = -117. What is the greatest common divisor of m and b?
21
Let q(l) = 6*l - 7. Let r(n) = n**2 + 6*n + 2. Let z be r(-6). Let p be q(z). Let s = 4 - 2. Calculate the highest common factor of p and s.
1
Let z = -42 + 77. Suppose 0 = -4*x - 3*l - 9, -5*x = -l - 0*l + z. Let p be (-2)/3 + (-202)/x. Calculate the highest common factor of p and 3.
3
Let l be (8 - 9) + (2 + -105)*-2. What is the greatest common factor of l and 123?
41
Suppose 0 = 5*g + 4*n - 6*n - 533, 0 = 2*g + n - 206. Suppose 15 = 5*z - g. Calculate the greatest common factor of 72 and z.
24
Suppose 2*m - 3*n = -8*n + 7, -4*m + 2*n = -74. Calculate the highest common divisor of m and 12.
4
Let q(d) = 6 - 9 + 1 - 4*d. Let s be q(-6). Suppose -4 = -2*w - 0. Calculate the greatest common divisor of s and w.
2
Suppose -3*z = 3*v - 2037, 0*v - 3415 = -5*z - v. What is the greatest common factor of 76 and z?
76
Suppose 0*g + 5*g = 960. Let u = -1288 + 1336. What is the greatest common factor of u and g?
48
Let m be 6/(-10) + (-7641)/(-135). What is the highest common factor of m and 812?
28
Let u = 1568 + -1538. Let t be (-23)/(-2) - 2/(-4). What is the greatest common factor of t and u?
6
Let b(d) = 8*d - 33. Let l be b(11). Let o = l + -28. Calculate the greatest common factor of o and 189.
27
Let y be (18/24)/((-1)/(-8)). Let w be 15/35*(8 - 1). Let b be (-3)/(w + 30/(-8)). What is the greatest common divisor of y and b?
2
Let d be ((-1)/(-2) - -1) + 1581/34. Suppose 3*w = 5*f + 36, -4*w + 0*f - 5*f = -48. Let b be 0 + 20 - d/w. What is the highest common factor of b and 80?
16
Let w(z) = 2*z + z**2 + 3*z + 26 + 8*z + 0*z**2. Let q be w(-11). Suppose 3 = -2*t + p, -4*t = q*p + 3 - 27. What is the highest common factor of 3 and t?
1
Let c be 3 - ((-6)/(-2) + -7). Suppose c*d - 4*d - 300 = 0. Suppose 244*k = 249*k - 100. Calculate the greatest common divisor of d and k.
20
Let o(b) = b**2. Let d be o(-2). Let v(z) = -z**2 + 22*z + 6. Let s be v(22). What is the greatest common divisor of d and s?
2
Let j(y) = -26*y + 79. Let v be j(3). Calculate the highest common divisor of 79 and v.
1
Let t(m) = -m**2 - 17*m - 35. Let u be t(-12). Suppose 45*p - 50*p = -u. What is the highest common factor of 40 and p?
5
Suppose -309*v + 402 = -303*v. Calculate the greatest common divisor of 67 and v.
67
Let q = -4935 - -4973. Suppose 2*g + 3*r - 684 = 2*r, -4*r = -5*g + 1710. What is the greatest common divisor of q and g?
38
Let x be (180/(-21))/(28/(-294)). Calculate the greatest common factor of 150 and x.
30
Suppose -5*d - 525 = -20*d. Calculate the greatest common factor of 7 and d.
7
Suppose 65 = 5*r - w, -2*w = 5 + 5. Suppose -m - m + r = 0. Suppose -o + 116 = 5*x, -2*x = x + 5*o - 52. Calculate the highest common divisor of m and x.
6
Suppose -90*t + 97*t - 1736 = 0. Calculate the greatest common factor of t and 48.
8
Let g be 3*6*(-8 + (-1606)/(-33)). Calculate the greatest common divisor of 24 and g.
12
Let s = -1012 + 1105. Calculate the highest common factor of s and 248.
31
Let y = 3 + 32. Let w(x) = -3*x - 5. Let o(d) = -2*d - 4. Let n be o(0). Let h be w(n). Calculate the highest common divisor of y and h.
7
Let c = 563 - -313. Calculate the highest common factor of 12 and c.
12
Suppose 9*b - 3 = -3. Suppose b = -13*m - 115 + 544. What is the greatest common divisor of m and 22?
11
Let i be -8 - (3 + -5) - 4. Let l be 1*67 + i + 8. Let m = l + -44. Calculate the highest common divisor of 14 and m.
7
Let b be ((-230)/(-15) - 4)*24/4. What is the highest common divisor of 221 and b?
17
Let q(p) = 12*p**2 + 68*p + p**3 - 38*p - 9 - 2*p**3. Let a be q(14). Calculate the highest common divisor of a and 19.
19
Suppose -k - 2*l + 1 = -139, -k + 3*l + 165 = 0. What is the greatest common divisor of k and 120?
30
Suppose -3 = l + 1. Let o(g) = -3*g - 4. Let a be o(l). Let b be 40/(-10)*(-7 - -5). Calculate the highest common factor of a and b.
8
Let p be ((-123)/4)/(((-25)/(-120))/(-5)). Calculate the greatest common divisor of p and 54.
18
Let w(z) = -5*z**2 + 287. Suppose 0 = -13*l - 0*l. Let x be w(l). What is the highest common divisor of 41 and x?
41
Let q(l) = l**3 - 45*l**2 - 48*l + 113. Let w be q(46). What is the greatest common factor of 336 and w?
21
Let q(a) = -a + 1. Let p be q(-4). Suppose p*l - 10 = -r + 27, 0 = -5*l + 25. What is the greatest common divisor of 84 and r?
12
Let u(v) = v**2 - 18*v + 87. Let t be u(7). Calculate the highest common factor of 410 and t.
10
Let l = -5 + 7. Let g be l*(-128)/(-1) + 4. What is the highest common divisor of g and 26?
26
Let l(m) = -3 + 8 - 9 - 87*m. Let x be l(-2). What is the greatest common factor of 68 and x?
34
Let m(x) = -x - 3. Let u be m(-5). Let a be (5/(-10)*1)/((-2)/24). What is the greatest common divisor of a and u?
2
Suppose -61 - 59 = -8*q. Calculate the highest common divisor of q and 85.
5
Let k = -47 - -34. Let t = k - -13. Let h be (16 + t)/(-1)*-2. What is the greatest common divisor of h and 48?
16
Let h = 3319 + -3284. Calculate the highest common factor of 189 and h.
7
Suppose 3*m = -m + 1116. Calculate the highest common divisor of 62 and m.
31
Let v be 335/(-60)*-3 - 30/40. What is the greatest common divisor of v and 26?
2
Let a = 1090 + -970. What is the greatest common factor of a and 48?
24
Let l(h) = -h**3 - 6*h**2 - 3*h + 15. Let r be l(-5). Suppose 6*n - n = 1000. Let t be (-1 + -2)*n/(-12). What is the highest common factor of t and r?
5
Suppose -j - 15 - 7 = -5*y, 2*y - 10 = 0. Let s = 11 + -6. Suppose -50 = -c + 3*i - i, -224 = -s*c - j*i. What is the highest common factor of 23 and c?
23
Let f(p) = -3*p - 6. Let s be f(-6). Let n(d) = -d**3 - 4*d**2 - 17*d - 30. Let x be n(-3). Calculate the greatest common divisor of s and x.
12
Let s(r) = -r + 6. Let f be s(5). Suppose 12 = -j - 5*j. Let v be 6/j + f + 12. What is the highest common divisor of 80 and v?
10
Let i(k) = k**3 - 21*k**2 + 38*k + 23. Let l be i(19). Let w = 76 - l. What is the greatest common factor of w and 159?
53
Let y be 800*7/(56/4). Calculate the greatest common divisor of y and 50.
50
Suppose 4*o - 280 = -5*d + 43, -4*d + 2*o + 274 = 0. What is the highest common divisor of 1273 and d?
67
Let s = 483 - 481. Calculate the greatest common divisor of s and 10.
2
Let t = -228 - -239. Calculate the highest common factor of t and 187.
11
Suppose -7*z = -298 + 81. Calculate the highest common factor of 155 and z.
31
Let r(p) = p**3 + 3. Let h = 7 - 1. Let c be r(h). Let t = c - 141. What is the highest common divisor of t and 26?
26
Let g = 142 - 126. Calculate the greatest common factor of 72 and g.
8
Let b be (-10)/4*1*120/(-25). Let j = -142 + 250. Calculate the greatest common factor of j and b.
12
Let b be (5/4)/((-1515)/80 + 19). What is the highest common factor of b and 620?
20
Suppose x - 5*x + 16 = 0, 4*x + 52 = -u. Let j be 40*(u/(-20) - 3). Calculate the highest common factor of 4 and j.
4
Suppose -27 - 8 = -5*n + 3*w, -3*n = 5*w + 13. Suppose 0 = -3*o + 2*l + 27 + 46, -n*l + 104 = 4*o. What is the greatest common factor of 10 and o?
5
Let u be (2 + -1496)/(-3)*1. Let g = u - 288. Let m be (7/(-14))/((-1)/g). Calculate the highest common factor of 15 and m.
15
Let w(h) = h - 22 + 9 + 6*h**2 + 16. Let s be w(-2). Calculate the highest common factor of 175 and s.
25
Let p(q) be the second derivative of -q**4/12 - 2*q**3 + 7*q**2 + 2*q. Suppose y + 3 + 8 = 0. Let m be p(y). Calculate the highest common divisor of 5 and m.
5
Let s = -499 + 571. What is the highest common factor of 486 and s?
18
Let j(s) = 6*s + 10. Let g be j(-4). Let z = g + 14. Let t be (22 + 1)*